ist the prime factors of z(0).
2, 3, 13
Let y(a) = -a**3 + 10*a**2 - a + 15. Let z be y(10). Suppose 5*r + z*x = 385, 2*r - 308 = -2*r + 4*x. Let w = r + 39. What are the prime factors of w?
2, 29
Let a be 1*(1 + 2 - 17). Let c be 4 + 4 + -1 + -3 - a. Let o(g) = 3*g. List the prime factors of o(c).
2, 3
Let c = -326 - -549. Let t = 292 + c. List the prime factors of t.
5, 103
Let q = -750 - -729. List the prime factors of (-8)/24*(q - 1)*117.
2, 3, 11, 13
Suppose -139*m = -106*m - 107514. List the prime factors of m.
2, 3, 181
Let i = 218 - 218. Suppose i = 4*l + 104 - 1180. What are the prime factors of l?
269
Let s = -152 - -149. Let n(r) = 34*r**2 + 2*r. List the prime factors of n(s).
2, 3, 5
Let b be (2 - (3 - 3))*(-69)/6. Let h be 5/(3 + b) + (-2)/(-8). Suppose 15 = 3*g, t - g + 0*g - 169 = h. List the prime factors of t.
2, 3, 29
Suppose 4*t - 543 - 1 = 0. Suppose -s + 4*l - 24 = -2*s, 4*s - 4*l = t. List the prime factors of 4/(-6)*(-3312)/s.
3, 23
Let a = 181 - 176. Suppose a*d - 4*d + 4*r = 132, 130 = d + 5*r. What are the prime factors of d?
2, 5, 7
Suppose u + 49781 = 3*z, u + u = -z + 16582. List the prime factors of z.
2, 17, 61
Let h = 68253 + -13809. List the prime factors of h.
2, 3, 13, 349
Let i(u) be the third derivative of u**5/60 - 11*u**4/24 - 2*u**3/3 - 32*u**2. Let b = -67 - -79. What are the prime factors of i(b)?
2
Let j(g) be the second derivative of 5*g**4/4 - 3*g**3/2 - 13*g**2 + g + 20. What are the prime factors of j(6)?
2, 5, 23
Let c(k) = k + 76. Let n be c(21). Let j = n + -83. List the prime factors of j.
2, 7
Let j(z) = -36 + 70*z**2 - 63*z**2 + 22 - 26 - 10*z. What are the prime factors of j(7)?
233
Suppose -2*w - 9*w = 11. What are the prime factors of 467 + -4 + w - -6?
2, 3, 13
Suppose 4*g + 10*t - 14*t - 81888 = 0, 2*t - 8 = 0. What are the prime factors of g?
2, 5119
Let y(f) = 201*f + 73. Let j be y(9). Let o = j - 790. What are the prime factors of o?
2, 3, 7, 13
Suppose 38*l - 3*l - 110705 = 0. Suppose l + 987 = 10*z. What are the prime factors of z?
5, 83
What are the prime factors of -21*(-5012)/(-392)*-1*(-170)/(-3)?
5, 17, 179
Suppose 0 = -315*n - 161*n + 34479536. What are the prime factors of n?
2, 7, 13, 199
Let j(w) = -408*w**3 + 2*w**2 - 1. Let d(y) = -y**3 + 7*y**2 + 6*y + 15. Let t be d(8). What are the prime factors of j(t)?
409
Let s(n) = 2*n**2 - 64*n + 301. List the prime factors of s(83).
11, 797
Let n(v) = 3*v + 33. Let l be n(-11). Suppose -5*a + 115 = -l*a. Suppose 20*d + 87 = a*d. List the prime factors of d.
29
Let y(n) = n**3 - 7*n**2 + 7*n - 6. Let f be y(6). Let v be ((-4)/16)/((-1)/8) + f. Suppose 7*k = -v*k + 585. What are the prime factors of k?
5, 13
Let i = 404 - 3. Suppose 7*w - i - 236 = 0. Suppose k + 4*q - w + 30 = 0, 228 = 3*k - 3*q. List the prime factors of k.
73
Suppose 32 + 58 = -30*g. List the prime factors of ((-2170)/(-210))/((-1)/g).
31
Let j(g) be the third derivative of -13*g**4/12 + 4*g**3 + 51*g**2. What are the prime factors of j(-7)?
2, 103
Let a(p) = -p**3 + 2*p**2 - p - 2. Let u be a(-1). Let v(g) = 438*g**2 - 5*g + 19. What are the prime factors of v(u)?
3, 587
List the prime factors of 0 + 0 - 156573/2*(-4)/6.
3, 1933
Let z = 28 - 25. Suppose -52 = -z*y + 47. Suppose -8*p = -7*p - y. List the prime factors of p.
3, 11
Suppose -6*b + 35 - 17 = 0. Suppose -6*m - 2*f = -8*m + 820, 0 = -b*m - 2*f + 1210. List the prime factors of m.
2, 7, 29
Let t(f) = f**2 - 15*f + 5. Let r(w) = w**2 - 9*w - 37. Let q be r(13). Let o be t(q). Let d(g) = 2*g**3 - g**2 - 6*g - 7. What are the prime factors of d(o)?
2, 47
Let c(i) = i**3 - 32*i**2 - 17*i - 95. Let k be c(33). Let s = -413 + k. List the prime factors of s.
2, 5
What are the prime factors of (8 - 10/20)*3022?
3, 5, 1511
Let r be ((-28)/12 - -2)/(7/(-126)). Let w be (32/(-40))/((-4)/70). What are the prime factors of -1 - -89 - (4 + w)/r?
5, 17
Suppose 5*m - 15 = 30. Suppose f = -2*f + p + m, 17 = 5*f - p. Suppose f*u + 51 = g, -2*g - 4*u + 116 = -5*u. List the prime factors of g.
59
Suppose 0 = -3*w - 4*b + 368, -11 = -4*w - 4*b + 477. Suppose -113*q = -w*q + 3080. What are the prime factors of q?
2, 5, 11
Let w(z) = 217*z**2 + 280*z - 4981. What are the prime factors of w(19)?
2, 13, 17, 89
Let w(b) = -4*b**2 - 4*b**2 - 5*b**2 + 5*b + 12*b**2 - 2. Let j be w(4). List the prime factors of j/(8/420) + 0.
3, 5, 7
Let u be ((-1)/2)/(7/(-14)). Let a be 1275/(-12) - 3/(-12)*u. Let o = 206 + a. List the prime factors of o.
2, 5
Let m(t) = -14171*t + 8018. List the prime factors of m(-4).
2, 11, 17, 173
Let i = -1125 + 1896. Let m = i - 506. List the prime factors of m.
5, 53
Let f(n) = 10*n - n**2 + 17*n**3 + 48*n**3 - 5*n**3 + 6. List the prime factors of f(3).
3, 61
Suppose u = 3*z - 10238, 2*z - 1227 = -3*u + 5602. What are the prime factors of z?
3413
Suppose 5*l - 37*l - 99200 = 0. Let f = -2073 - l. List the prime factors of f.
13, 79
Suppose 22*z + 10020 = 165824. Suppose -1870 = -24*y + z. What are the prime factors of y?
373
Suppose 5*i - 4*l - 24 = 0, 2*i = 5*l + 5 + 8. Suppose i*r - 1233 = 5*m, 0*r = -m + 2*r - 249. Let p = -156 - m. List the prime factors of p.
89
Let t = 1831 + -179. List the prime factors of t.
2, 7, 59
Suppose -2*c + 3*c = 414. Suppose -1 = -a + 1. Suppose c = 4*b + a*b. List the prime factors of b.
3, 23
Let z be 243 + -20 + (4 - 0). Let h = z - 158. What are the prime factors of h?
3, 23
Let z(x) = 9*x**2 - 580*x + 101. What are the prime factors of z(75)?
2, 3613
Suppose 2*q - 42 = -3*p, 0*p + 42 = 3*p - 5*q. Let z = -14 + p. Suppose r + z*r - 113 = 0. What are the prime factors of r?
113
Suppose 2*d = 3*o + 4*d + 17, 5 = 5*o - 5*d. Let b(n) = -5*n - 3. Let u be b(5). List the prime factors of u/42 - 8/o.
2
Suppose 10667 + 839 = 11*t. Let o = t - 859. What are the prime factors of o?
11, 17
Suppose 15*f - 43915 = 5675. Let w = f + -1693. List the prime factors of w.
1613
Let u(l) = -l**2 - 6*l + 11. Let c be u(-10). Let a = c + 174. List the prime factors of a.
5, 29
Let h = -102485 + 167982. What are the prime factors of h?
65497
Suppose 5*h - 3*h - 6 = 0. Suppose y + 1648 = 7*x - 5*x, -h*x + 2472 = -4*y. What are the prime factors of x?
2, 103
Let a(m) be the first derivative of m**5/60 + 11*m**3/6 + 7*m**2/2 - 1. Let o(t) be the second derivative of a(t). List the prime factors of o(-5).
2, 3
Let v = 56 + -88. Let m = v + 29. Let p(c) = c**2 + 9. List the prime factors of p(m).
2, 3
Let f(k) = -k - 7. Let q be f(-10). Suppose 2*b - 4*r - 12 = 3*b, 3 = -q*b - r. Suppose b = 5*s - 3*u - 577, -2*s + 152 = 5*u - 85. List the prime factors of s.
2, 29
Let o(f) = 20*f**3 + 4*f**2 + 2*f + 2. Suppose 18*r - 22 = 14. What are the prime factors of o(r)?
2, 7, 13
Suppose -r - 20 + 24 = 0. Let c be 4/16 + r/(-16). Suppose 78 = u - c*u. List the prime factors of u.
2, 3, 13
Let a = 3321 + 4179. List the prime factors of a.
2, 3, 5
Suppose -12*y + 429445 - 179996 = -523351. List the prime factors of y.
2, 5, 7, 23
Let f = 14 - -229. Suppose 0 = -4*t + f + 149. Let k = 152 - t. What are the prime factors of k?
2, 3
Let z(r) = 24*r**3 - 3*r**2 + 5*r. Let t(c) = -5*c + 92. Let h be t(18). What are the prime factors of z(h)?
2, 5, 19
Let l(r) = -417*r - 3869. What are the prime factors of l(-69)?
2, 11, 283
Let c(o) = 117*o**2 + 15*o + 302. What are the prime factors of c(-8)?
2, 5, 13, 59
Suppose -5*c - 714 = -7979. Suppose f + j = 364, -3*f + 7*f = -5*j + c. List the prime factors of f.
367
Suppose p = -205 + 522. Suppose -m - 2*w + p = 0, -w + 739 - 114 = 2*m. What are the prime factors of m?
311
What are the prime factors of 23 - 31 - (-1 - 998)?
991
Suppose -5*t - 80*c = -82*c - 187, -4*t = -4*c - 140. Let o be ((-8)/(-6))/(2/(-33)). Let y = t + o. List the prime factors of y.
17
Suppose 18 = 4*q - 2*v, 4*q + 19 = 8*q - v. Suppose -q*d + 20*t = 23*t - 708, 3*d - t = 436. What are the prime factors of d?
2, 3
Let j(g) = g**3 + 25*g**2 - 60*g + 3. Let v = -652 + 626. List the prime factors of j(v).
887
Suppose -247*r = -337*r + 2839230. List the prime factors of r.
31547
Suppose 0 = -7*j - 69 - 113. Let d = 15 - j. What are the prime factors of d/(6*2/4 - 2)?
41
Let o(p) = 62*p - 79. Let r be o(5). Suppose 3*t - 801 = -r. List the prime factors of t.
2, 5, 19
Let q(c) = -4*c - 7. Let